*z - 48. Determine d(-8).
0
Let n(d) = d**3 + 12*d**2 - 61*d + 29. Determine n(-16).
-19
Let i(g) = -g**2 - 5*g - 7. Determine i(-7).
-21
Let l(w) = 6*w - 3. Calculate l(2).
9
Let h(g) = g**3 + 14*g**2 + g + 6. Calculate h(-14).
-8
Let f(q) = q**3 - 23*q**2 + 61*q - 39. What is f(20)?
-19
Let l(z) = -z**2 - 16*z - 15. Determine l(-11).
40
Let x(q) = -q**3 - 33*q**2 - 184*q - 24. Determine x(-7).
-10
Let l(h) = -2*h**2 - 13*h - 2. Give l(-12).
-134
Let z(i) = -8*i + 17. What is z(-3)?
41
Let g(k) = -2*k**3 + 30*k**2 + k - 11. Calculate g(15).
4
Let q(r) = -2*r**3 + 2*r**2 + 3*r - 3. Give q(-2).
15
Let c(y) = -20*y - 5. Determine c(-3).
55
Let w(x) = -3*x + 17. What is w(7)?
-4
Let q(i) = -i**3 - 5*i**2 + 17*i + 11. Give q(-7).
-10
Let x(r) = 32*r + 32. What is x(-5)?
-128
Let q(x) = -x**3 - 5*x**2 + 5*x - 3. Determine q(-7).
60
Let v(l) = -l**3 + 6*l**2 + 15*l - 108. What is v(5)?
-8
Let a(p) = -128*p + 645. Determine a(5).
5
Let l(m) = -10*m + 13. Determine l(2).
-7
Let z(q) = -q**3 - 13*q**2 + 3*q + 29. Calculate z(-13).
-10
Let a(w) = w**3 + w + 15. Give a(0).
15
Let q(n) = -n**3 - 5*n**2 - 6*n - 6. Determine q(-4).
2
Let r(v) = v + 5. Determine r(0).
5
Let d(b) = b**2 + 6*b - 107. Calculate d(-14).
5
Let h(k) = k**3 + k**2 - 26. What is h(0)?
-26
Let a(f) = 4*f + 9. Determine a(-5).
-11
Let i(m) = -8*m + 74. Calculate i(11).
-14
Let i(j) = 21*j + 82. Calculate i(-3).
19
Let w(h) = -h - 8. Give w(-8).
0
Let k(c) = 2*c**2 - 40*c + 18. Calculate k(18).
-54
Let d(v) = 7*v + 13. Determine d(-9).
-50
Let u(m) = 2*m**2 - 29*m + 23. Determine u(14).
9
Let m(k) = 5*k**2 + 6. Determine m(-4).
86
Let g(m) = 5*m**2 + 4*m + 5. What is g(-2)?
17
Let d(f) = 7*f - 3. What is d(-4)?
-31
Let b(w) = 2*w**2 + 13*w + 10. What is b(-6)?
4
Let t(g) = -g - 13. Give t(-9).
-4
Let k(o) = o + 10. Calculate k(-5).
5
Let z(p) = 21*p + 362. Determine z(-17).
5
Let v(u) = -u**3 - 2*u**2 - u + 102. Determine v(0).
102
Let y(u) = -4*u - 41. What is y(-8)?
-9
Let f(t) = 5*t - 56. Give f(12).
4
Let f(a) = 6*a + 85. What is f(11)?
151
Let j(b) = -b**2 + 18*b - 33. Determine j(3).
12
Let r(u) = -27*u + 13. Determine r(3).
-68
Let p(x) = x**3 + 12*x**2 + 16*x + 8. Calculate p(-7).
141
Let a(i) = i**2 + 18*i + 29. Calculate a(-18).
29
Let b(x) = -5*x**2 + 7*x - 4. What is b(2)?
-10
Let l(f) = -f**2 - 14*f + 9. Give l(-17).
-42
Let u(d) = d**3 + 5*d**2 - 10*d + 28. Determine u(-7).
0
Let l(k) = 5*k**3 + k**2 - 3*k + 2. Determine l(-2).
-28
Let g(d) = d**2 - d - 1. Calculate g(-2).
5
Let j(m) = m**2 - 10*m + 3. Determine j(10).
3
Let m(c) = -c**3 - 2*c**2 + 5*c - 5. Calculate m(-4).
7
Let k(v) = -v**3 + 9*v**2 - 11*v + 11. What is k(8)?
-13
Let k(j) = j**3 + 3*j**2 - 3*j + 2. Calculate k(-5).
-33
Let a(v) = 14*v - 1016. Calculate a(73).
6
Let z(o) = o**3 + 21*o**2 - 23*o - 16. Determine z(-22).
6
Let m(i) = -5*i + 20. Give m(5).
-5
Let l(a) = a**2 - 6*a - 8. What is l(9)?
19
Let q(t) = -7*t + 1. Give q(-4).
29
Let p(u) = -u**2 + 9*u - 16. Determine p(7).
-2
Let w(d) = -3*d - 1. Determine w(3).
-10
Let r(z) = -z**2 - 4. Calculate r(-2).
-8
Let a(v) = -v**3 + 7*v**2 + 13*v - 8. Determine a(8).
32
Let m(s) = -3*s + 38. Give m(17).
-13
Let c(m) = -5*m**2 - 6*m + 17. Give c(-3).
-10
Let t(z) = 3*z - 1. What is t(0)?
-1
Let k(j) = -12*j**2 - 2*j + 1. Calculate k(1).
-13
Let a(n) = -n**2 + 2*n - 24. What is a(-9)?
-123
Let n(l) = -l - 4. Calculate n(6).
-10
Let a(h) = -h**3 - 11*h**2 - 17*h + 15. Calculate a(-9).
6
Let y(r) = r**3 + 11*r**2 + 14*r - 8. Give y(-7).
90
Let l(n) = 8*n - 24. Give l(3).
0
Let o(u) = -u**2 - 10*u + 17. Calculate o(-12).
-7
Let m(q) = -2*q + 15. Give m(9).
-3
Let u(l) = l**3 - 21*l**2 - 25*l + 74. What is u(22)?
8
Let a(d) = -d + 12. What is a(8)?
4
Let y(z) = 2*z**2 - 5*z - 4. What is y(4)?
8
Let f(q) = q**2 + 5*q - 6. Determine f(-5).
-6
Let y(g) = g - 74. What is y(25)?
-49
Let w(i) = 3*i + 17. Calculate w(-5).
2
Let n(o) = 2*o - 27. Calculate n(13).
-1
Let u(y) = -y**3 - 3*y**2 + 7*y - 1. Determine u(2).
-7
Let f(r) = 2*r - 12. Determine f(9).
6
Let b(i) = -2*i - 14. Give b(-7).
0
Let d(f) = f**2 - 5. Determine d(2).
-1
Let h(d) = -12*d**2 + 8. Calculate h(3).
-100
Let h(c) = -c**2 - 7*c + 10. Give h(-9).
-8
Let v(x) = -30*x**2 + 122*x - 1. Determine v(4).
7
Let v(f) = -f**3 - 13*f**2 + 9*f + 4. Determine v(-14).
74
Let n(v) = v**3 - 6*v**2 + v + 20. Give n(4).
-8
Let t(s) = -4*s**3 - 3*s**2 - 2*s - 1. Calculate t(-2).
23
Let w(i) = 16*i + 191. What is w(-14)?
-33
Let r(n) = 5*n + 174. Give r(-34).
4
Let p(v) = -5*v**2 + 7*v - 6. What is p(2)?
-12
Let l(r) = -2*r**2 - 2*r + 2. Give l(2).
-10
Let w(s) = -23*s + 14. What is w(1)?
-9
Let i(g) = g**3 - 4*g**2 - 14*g + 6. What is i(6)?
-6
Let p(y) = y**2 + 13*y - 1. Determine p(-13).
-1
Let b(m) = -4*m**3 + 32*m + 6. Give b(0).
6
Let c(p) = -2*p**3 + 127*p**2 + 64*p - 2. Calculate c(64).
-2
Let b(w) = w**2 + 16*w - 15. Determine b(-17).
2
Let t(p) = -p**2 - 21*p - 13. Calculate t(-21).
-13
Let n(g) = -g**3 + 5*g**2 - 6*g. Determine n(4).
-8
Let k(q) = 6*q**3 + 3*q**2 - q - 1. Determine k(1).
7
Let h(k) = k**3 + 11*k**2 + 18*k - 5. Give h(-9).
-5
Let j(b) = -8*b**2 + 4*b + 34. Determine j(-4).
-110
Let z(y) = 9*y**3 + y**2 - 2*y + 1. Give z(1).
9
Let p(g) = g**3 - 10*g**2 - 9*g + 2. What is p(11)?
24
Let y(g) = -21*g + 25. Calculate y(5).
-80
Let v(k) = k**2 + 17*k - 11. Give v(-18).
7
Let j(m) = -10*m + 15. Calculate j(5).
-35
Let n(b) = b**3 + 28*b**2 - 60*b - 11. What is n(-30)?
-11
Let l(h) = 3*h + 6. Determine l(5).
21
Let q(t) = -t**3 + 10*t**2 + 2*t + 10. Determine q(10).
30
Let g(d) = 8*d + 227. Calculate g(-27).
11
Let q(v) = -24*v**3 - 2*v**2 + 2*v - 1. Determine q(1).
-25
Let u(v) = -2*v + 39. Give u(4).
31
Let g(k) = -k**2 - 3*k + 2. Give g(-2).
4
Let l(q) = -42*q + 12. Give l(1).
-30
Let p(u) = -9*u + 31. What is p(4)?
-5
Let j(h) = h**3 - h**2 - 4*h - 2. Calculate j(0).
-2
Let r(y) = -4*y + 1. Calculate r(-10).
41
Let u(p) = p**2 - 3*p - 11. Calculate u(7).
17
Let i(b) = 3*b**2 - 39*b - 12. Give i(12).
-48
Let d(g) = g**2 + 37*g + 65. What is d(-34)?
-37
Let w(d) = 7*d + 18. Calculate w(-3).
-3
Let l(c) = 19*c + 13. Determine l(-1).
-6
Let n(z) = z**2 + 2*z. Give n(-2).
0
Let p(l) = 40*l + 54. Give p(0).
54
Let i(f) = 2*f**3 + 27*f**2 - 10*f + 52. Give i(-14).
-4
Let m(z) = -10*z + 42. Give m(4).
2
Let o(k) = 4*k + 4. Calculate o(2).
12
Let s(i) = -5*i - 15. Determine s(-6).
15
Let w(t) = -3*t + 28. What is w(10)?
-2
Let n(z) = -4*z + 2. Determine n(-10).
42
Let f(k) = 2*k**2 + 2*k + 3. What is f(-8)?
115
Let i(l) = l**2 + 27*l + 175. Calculate i(-9).
13
Let p(y) = 2*y**3 + 3*y**2 + 2*y - 1. Calculate p(-2).
-9
Let s(m) = 4*m - 4. Calculate s(-4).
-20
Let u(g) = g**3 - 5*g**2 - 3*g + 10. Determine u(5).
-5
Let q(j) = j**2 + 8*j - 34. Give q(3).
-1
Let w(n) = n**2 + 24*n + 133. What is w(-14)?
-7
Let b(k) = -k**2 + 5*k - 13. Determine b(6).
-19
Let w(b) = -b**2 - 2. What is w(-4)?
-18
Let s(r) = 5*r - 14. Calculate s(4).
6
Let q(p) = p**2 - 4*p - 3. Give q(-2).
9
Let y(x) = -x**3 - 8*x**2 - 8*x - 72. Calculate y(-8).
-8
Let a(q) = q**3 - 8*q**2 - 5. Calculate a(8).
-5
Let c(s) = 7*s - 16. Give c(-7).
-65
Let u(c) = 18*c - 268. Determine u(13).
-34
Let w(n) = -49*n - 108. Calculate w(-2).
-10
Let a(s) = s**3 - 6*s**2 - 8*s + 16. What is a(7)?
9
Let q(b) = -2*b + 14. Calculate q(10).
-6
Let a(t) = t**2 + 4*t - 3. Calculate a(-2).
-7
Let q(j) = j**3 - 7*j**2 + 18*j - 2. What is q(8)?
206
Let m(k) = -k**3 + 6*k**2 - 7*k. Give m(5).
-10
Let g(n) = n**2 - 14*n + 23. Give g(8).
-25
Let u(g) = g**2 - g - 82. Calculate u(0).
-82
Let n(j) = -j**2 + 19*j + 12. Give n(20).
-8
Let j(q) = q**2 + 8*q + 8. Determine j(-4).
-8
Let i(b) = -b**2 + 4*b - 6. Give i(0).
-6
Let t(i) = -2*i**2 - 11*i - 6. Give t(-4).
6
Let a(v) = -v**2 + 19*v - 28. Calculate a(8).
60
Let f(n) = 2*n**2 - 5*n - 19. What is f(-3)?
14
Let n(m) = -11*m**2 - 43*m - 5. What is n(-4)?
-9
Let f(v) = -6*v + 53. Calculate f(13).
-25
Let v(r) = -16*r + 1. Calculate v(-1).
17
Let x(p) = 2*p - 1. Calculate x(-12).
-25
Let u(o) = -o**2 - 41*o - 156. Calculate u(-4).
-8
Let t(m) = m**3 - 21*m**2 + 23*m - 11. What is t(20)?
49
Let o(y) = -4*y + 45. Determine o(16).
-19
Let t(p) = p**3 + 4*p**2 - 3*p - 7. Give t(-4).
5
Let h(y) = 2*y - 9. Calculate h(-5